 = -f*h. List the prime factors of h.
2
Suppose -w = w - 78. Let a = w - 25. What are the prime factors of a?
2, 7
Suppose 7*g - 24 - 326 = 0. What are the prime factors of g?
2, 5
Suppose -5*g + 4*l + 4 + 66 = 0, g + 3*l = 14. Suppose g = -d + 49. Suppose s - 6*s = -d. List the prime factors of s.
7
Suppose 3*g - 8 = -g. Suppose 4*c = 4*d + c - 103, g*c + 32 = d. List the prime factors of d.
2, 11
Suppose -321 = -3*l + 90. List the prime factors of l.
137
Let y(z) = 2*z**2 + 5*z + 5. List the prime factors of y(-4).
17
Let c(u) = -u**2 - 4*u. Let w be c(-3). Suppose 161 = 4*p + 3*l, 0*p - w*l + 123 = 3*p. Suppose b - 4*n = -16 + p, -4*n + 18 = 3*b. List the prime factors of b.
2, 5
Let n = 171 + -104. What are the prime factors of n?
67
Let m be (-18)/(-4)*(-2)/(-3). Suppose 43 - 3 = m*c - 5*b, 8 = 2*b. List the prime factors of c.
2, 5
Suppose 0 = 4*p - 4*b + 16, 2*b = 3*b + 1. Let d(c) = -c**3 - 5*c**2 - 5*c - 5. What are the prime factors of d(p)?
2, 5
Suppose -4*a - 6 = 3*p, p - a + 3*a = -4. Suppose -p*u = -5*u + 21. List the prime factors of u.
7
Suppose -k = 4*i - 1615, -4*k + 2024 = 5*i - 8*k. List the prime factors of i.
2, 101
Suppose 3*f = -0*f + 12. Suppose f*d + 18 = -82. Let u = 38 + d. What are the prime factors of u?
13
Let j(n) = n**3 + 9*n**2 - 11*n + 3. List the prime factors of j(-10).
13
List the prime factors of (-111 + 3)*3/(-2).
2, 3
Suppose -5*q - 74 = -4*m, 0 = 2*m - q - 23 - 11. List the prime factors of m.
2
Let a(l) = l**2 - 3*l + 1. Let o be a(4). Let z = o + 0. Suppose w - 51 = -z*b, 2*w = 5*b - 33 - 15. List the prime factors of b.
2, 5
Suppose 75 + 1 = 2*y - 5*d, 0 = 2*y - 2*d - 82. List the prime factors of y.
43
Suppose -2*i = -4 - 26. What are the prime factors of i?
3, 5
Let m be 6/3 - (-2 - -4). Suppose -4*h + 3*h + 20 = m. What are the prime factors of h?
2, 5
Let n = 27 - 22. List the prime factors of n.
5
Let h = 9 + -6. What are the prime factors of ((-15)/9)/(h/(-18))?
2, 5
Let x(k) = k**2 - 5*k - 3. Let f be x(6). Suppose -m + 5*o = -55, 0*m + f*m - 193 = o. Suppose -m = -0*p - 5*p. List the prime factors of p.
13
Suppose -v + 8 - 6 = 0. What are the prime factors of v?
2
Let x = -23 - -14. Let d(v) = -v**3 - 10*v**2 - 12*v - 13. What are the prime factors of d(x)?
2, 7
Suppose -5*t = -7*t. Suppose -2*p + t*p + 32 = 0. List the prime factors of p.
2
Suppose -2*s = 3*s - 10. Suppose 0 = s*i - 19 + 5. Suppose -i*b + 2*b = -55. List the prime factors of b.
11
Suppose 0 = 5*g - 0*g - 90. List the prime factors of g.
2, 3
Let b = 7 - 5. Let r be 3/(-12)*b*0. Suppose 2*n - 6 = -r*n. What are the prime factors of n?
3
List the prime factors of (-225)/(-3) + 3/1.
2, 3, 13
Suppose 3 = -t + 2*t. What are the prime factors of t?
3
Suppose 12 = 4*x - x. Suppose o - x*y = -2*o + 48, 0 = -2*y. List the prime factors of o.
2
Let k = 129 - 82. Suppose 188 + k = 5*s. What are the prime factors of s?
47
Let h(p) = -p**3 - 9*p**2 + 5*p - 12. List the prime factors of h(-10).
2, 19
Let u(c) = c**3 + c**2 + c. Let i(h) = -7*h**3 - 3*h**2 - 3*h + 2. Let w(f) = -i(f) - 4*u(f). What are the prime factors of w(2)?
2
Suppose -j - 26 = -2*j + o, -j = 5*o - 20. What are the prime factors of j?
5
Suppose h + 3*h = 20. List the prime factors of h.
5
Suppose -304 = -i + 3*l - 69, 4*i + l = 901. List the prime factors of i.
2, 113
Suppose 4*y - 141 = 75. Suppose -4*w - y = -7*w. List the prime factors of w.
2, 3
Let c(n) = 0 + 5 + 4*n - 3. Suppose 4 + 4 = 4*i. List the prime factors of c(i).
2, 5
Let b = 2 + -2. Suppose b = 2*w + w - 3. Let m = w + 8. List the prime factors of m.
3
Let g(v) = v**2 + v + 2. List the prime factors of g(-9).
2, 37
Let j(r) = 2 - 10*r**2 - 4*r + 1 + 20*r**2 + r. What are the prime factors of j(2)?
37
Suppose 0 = 5*y + 35 + 15. Let a = 17 + y. What are the prime factors of a?
7
What are the prime factors of (-8)/(-32) + 31/4?
2
Let t(m) = -m**3 + 2*m**2 - m + 5. Let z be t(4). Let j = 44 + z. What are the prime factors of j?
13
Let y = -98 + 57. Let z(d) = -d**3 + d**2 - 2*d - 1. Let s be z(3). Let t = s - y. What are the prime factors of t?
2
Let t be 0/(4/(-2) - -1). Suppose 0 = -4*i + 4*s - t*s + 36, -i = -5*s + 11. Suppose i + 6 = 5*n. What are the prime factors of n?
2
What are the prime factors of 3 + 1/(-4)*-4?
2
Suppose -96 = -2*k + 168. List the prime factors of k.
2, 3, 11
What are the prime factors of 1463/55 - 2/(-5)?
3
Suppose -h + 4*p + 21 = 0, -4*h + 3*h + 28 = 3*p. List the prime factors of h.
5
Let h(l) be the first derivative of 0*l - 11/2*l**2 - 1. What are the prime factors of h(-1)?
11
Let n(r) = r**2 + r. Let c be n(-4). Let s = c - 4. What are the prime factors of s?
2
Suppose 4*q + 27 + 9 = -4*f, -3*f = q + 13. Let z = 20 + q. What are the prime factors of z?
13
Let i(a) = a**2 + 6. Suppose 3*m + 4*n - 37 = -9, 4*m = 3*n + 29. Let s = 8 - m. List the prime factors of i(s).
2, 3
Let s(k) be the third derivative of -k**4/12 - 7*k**3/6 - 3*k**2. What are the prime factors of s(-11)?
3, 5
List the prime factors of ((-28)/5 + 4)/(6/(-345)).
2, 23
Let l(v) = v**2 + v - 2. Suppose 6 = m + 1. Let p be l(m). Suppose 4*t + 0*k = -2*k + 16, 0 = -4*t + k + p. What are the prime factors of t?
2, 3
Let d(v) = -v + 1. Let l be d(11). Let c = -3 - l. List the prime factors of c.
7
Let u(v) = 3*v + 7. Let z be u(6). Suppose 0 = -0*q + 5*q - f - z, -2*q + 3*f = 3. Let t(w) = -w**3 + 7*w**2 - 5*w + 6. List the prime factors of t(q).
2, 3
Let a(g) = g**3 - g**2 - 2*g - 1. List the prime factors of a(3).
11
Let y = 0 + 3. Suppose 0 = -y*n - 3 - 3. Let w = n - -12. List the prime factors of w.
2, 5
Suppose -5*x - 25 = 0, -2*x + 1 = -f - 4*x. Suppose h - f = 10. List the prime factors of h.
19
Suppose -5*k - 4*q + 239 = 0, 3*k - 12 = 2*q + 149. Suppose 3*b + 0*b = k. What are the prime factors of b?
17
Let b(x) = x**3 + 9*x**2 + 14*x + 2. Let t be b(-7). Let y = 124 - 74. Suppose y = 4*o - 2*w, -o + 20 = t*o - 5*w. List the prime factors of o.
3, 5
Suppose 5*j - 15 = -3*v - 4, -5*v + 1 = 4*j. What are the prime factors of v + 15 + 3 + -5?
2, 5
Let u = -13 + 10. What are the prime factors of (-4)/12*(u + -6)?
3
Suppose 5*l + 4*s - 142 = 0, 0 = -0*l - l + 5*s + 40. What are the prime factors of l?
2, 3, 5
Let c = 18 + -8. List the prime factors of (-205)/(-7) - c/35.
29
Let t(o) be the first derivative of o**2/2 + 37*o + 3. What are the prime factors of t(0)?
37
Let x(k) = -k**2 + 1. Let m(f) = -5*f**2 + 6*f - 3. Let q(l) = -m(l) + 6*x(l). Let z be q(-7). Let w = z - -1. List the prime factors of w.
3
Let d(a) be the second derivative of -a**5/20 - a**4/3 + 7*a**3/6 - 2*a**2 + 8*a. List the prime factors of d(-6).
2, 13
Let m = -1 + 3. Suppose 3*q = m + 4. What are the prime factors of q?
2
Let u = -520 - -743. What are the prime factors of u?
223
Let d = 121 + -62. List the prime factors of d.
59
Let n(i) = -112*i - 5. List the prime factors of n(-1).
107
Suppose 0 = 3*w - 4*h - 76 - 31, 3*w - h = 101. What are the prime factors of w?
3, 11
Let h = -5 + 7. What are the prime factors of 3/h*152/12?
19
Let x be (-3)/(-6) + 5/(-2). Let l(p) = p**2 + 1. Let k be l(3). Let m = x + k. What are the prime factors of m?
2
Suppose 11*i = 2*i + 702. List the prime factors of i.
2, 3, 13
Suppose -111*r = -109*r - 422. List the prime factors of r.
211
Suppose 0*a - 108 = -2*a. List the prime factors of a.
2, 3
Let k(g) = -g**3 - 7*g**2 + 11*g + 10. Let s be k(-8). Let u be 5/10 - s/(-4). Let j = 2 - u. What are the prime factors of j?
5
Let h(k) = 4*k**2 - 1 + 0*k - k + 0*k. Let p be h(-1). Suppose -2 = -p*w - 3*v, 5*w + v - 4 = 2*w. List the prime factors of w.
2
List the prime factors of (-922)/(-7) + 6/21.
2, 3, 11
Let j = -93 + 163. What are the prime factors of j?
2, 5, 7
Let w(a) = 7*a**2 + 9*a - 8. Let v(j) = -8*j**2 - 10*j + 9. Let m(d) = 4*v(d) + 5*w(d). What are the prime factors of m(-4)?
2, 3
Let a(i) = 2*i - 3. Let b be a(4). Suppose -s - m = -31, 3*s = -0*s + b*m + 133. What are the prime factors of s?
2, 3
Let w(v) = -3*v - 3. Let r(n) = -n - 4. Let g be r(-2). List the prime factors of w(g).
3
Let b(i) = i + 37. Let h be b(7). Suppose -q - q = 52. Let a = h + q. List the prime factors of a.
2, 3
Let c be (-2 + (-16)/(-6))*72. Suppose -c = -3*k - 0*k. List the prime factors of k.
2
Let j be 1/((